{"id":2730,"date":"2024-07-22T13:47:01","date_gmt":"2024-07-22T13:47:01","guid":{"rendered":"https:\/\/www.apbolsasebrindes.com.br\/?post_type=product&#038;p=2730"},"modified":"2026-04-30T10:39:23","modified_gmt":"2026-04-30T10:39:23","slug":"mochila-de-nylon-dobravel-21-litros","status":"publish","type":"product","link":"https:\/\/www.apbolsasebrindes.com.br\/?product=mochila-de-nylon-dobravel-21-litros","title":{"rendered":"APMO09 Mochila de Nylon Dobr\u00e1vel 21 Litros"},"content":{"rendered":"","protected":false},"excerpt":{"rendered":"<p>Mochila dobr\u00e1vel de 21 litros confeccionada em nylon imperme\u00e1vel. Compacta e com abertura pr\u00e1tica, possui compartimento principal com pequeno bolso interno, bolsos laterais em malha e bolso frontal \u2013 compartimento respons\u00e1vel por acomodar a mochila. Para armazenar a mochila no compartimento basta virar o bolso frontal do avesso e dobrar o tecido para melhor acomoda\u00e7\u00e3o do material. O modo compacto possui uma al\u00e7a em nylon para transporte, a mochila disp\u00f5e de al\u00e7a de m\u00e3o em nylon e al\u00e7as ajust\u00e1veis para as costas com revestimento espumado.<\/p>\n<p>Dimens\u00e3o Produto: 42 X 28 X 18 cm (medidas aproximadas)<\/p>\n","protected":false},"featured_media":2731,"comment_status":"open","ping_status":"closed","template":"","meta":{"_joinchat":[]},"product_brand":[],"product_cat":[154,159],"product_tag":[],"class_list":{"0":"post-2730","1":"product","2":"type-product","3":"status-publish","4":"has-post-thumbnail","6":"product_cat-bolsas","7":"product_cat-mochila","9":"first","10":"instock","11":"shipping-taxable","12":"purchasable","13":"product-type-simple"},"_links":{"self":[{"href":"https:\/\/www.apbolsasebrindes.com.br\/index.php?rest_route=\/wp\/v2\/product\/2730","targetHints":{"allow":["GET"]}}],"collection":[{"href":"https:\/\/www.apbolsasebrindes.com.br\/index.php?rest_route=\/wp\/v2\/product"}],"about":[{"href":"https:\/\/www.apbolsasebrindes.com.br\/index.php?rest_route=\/wp\/v2\/types\/product"}],"replies":[{"embeddable":true,"href":"https:\/\/www.apbolsasebrindes.com.br\/index.php?rest_route=%2Fwp%2Fv2%2Fcomments&post=2730"}],"wp:featuredmedia":[{"embeddable":true,"href":"https:\/\/www.apbolsasebrindes.com.br\/index.php?rest_route=\/wp\/v2\/media\/2731"}],"wp:attachment":[{"href":"https:\/\/www.apbolsasebrindes.com.br\/index.php?rest_route=%2Fwp%2Fv2%2Fmedia&parent=2730"}],"wp:term":[{"taxonomy":"product_brand","embeddable":true,"href":"https:\/\/www.apbolsasebrindes.com.br\/index.php?rest_route=%2Fwp%2Fv2%2Fproduct_brand&post=2730"},{"taxonomy":"product_cat","embeddable":true,"href":"https:\/\/www.apbolsasebrindes.com.br\/index.php?rest_route=%2Fwp%2Fv2%2Fproduct_cat&post=2730"},{"taxonomy":"product_tag","embeddable":true,"href":"https:\/\/www.apbolsasebrindes.com.br\/index.php?rest_route=%2Fwp%2Fv2%2Fproduct_tag&post=2730"}],"curies":[{"name":"wp","href":"https:\/\/api.w.org\/{rel}","templated":true}]}}